n be 4*((-15)/(-4))/3. Suppose 0 = 2*i - 25 + n. Calculate the highest common divisor of t and i.
10
Suppose 2*b + 2*x - 12 = 0, -2 = -4*b - 2*x + 22. What is the greatest common divisor of 6 and b?
6
Suppose 5*q - 205 = -5*u, -q - u = -2*u - 31. Let i = -132 + 222. What is the highest common divisor of i and q?
18
Let y be ((-18)/15 + 1/5)*-8. Let f be -1*(2 + 0) - -34. Calculate the greatest common factor of f and y.
8
Suppose -58 + 18 = -2*c. What is the highest common factor of 5 and c?
5
Let d(b) be the second derivative of 11*b**3/6 + b**2/2 - b. Let v be d(1). Let a = -52 + 88. Calculate the highest common divisor of v and a.
12
Let j be 2*(-1 + (-225)/(-2)). Let d = j - 146. Calculate the greatest common divisor of d and 7.
7
Suppose -2*g = -4 - 4. Let r(s) be the second derivative of s**4/12 + s**3/2 + s**2 - 2*s. Let u be r(-4). Calculate the greatest common divisor of u and g.
2
Let v be 142 - (-9)/(9/(-2)) - -4. What is the greatest common divisor of v and 16?
16
Suppose m - 6*m = -25. Let u(a) = a**2 + a - 51. Let v be u(7). What is the greatest common divisor of v and m?
5
Suppose 0 = -2*y + 3*y. Let v = 3 - y. Suppose -4*t - 34 = -v*s - 3*t, 2*s + 2*t = 12. What is the highest common divisor of 10 and s?
10
Suppose -6*k = -9*k + 48. Let w(l) = 37*l**2 + 2*l. Let m be w(-2). Calculate the greatest common divisor of k and m.
16
Let k(x) = 3*x**2 + 9*x + 5. Let g be k(-4). Suppose -n - 3*n = -748. Calculate the highest common divisor of n and g.
17
Suppose 2*m - 190 - 66 = 0. Calculate the highest common divisor of m and 32.
32
Let v(b) = 186*b**2 - 2*b - 1. Let r be v(-1). Suppose 88 = 5*j - 4*w + 7, -4*w = -4*j + 64. What is the highest common factor of r and j?
17
Suppose -j = 4*t + 14, -t = -6*t - 5*j - 10. Let f be -2 - (1*t + -2). What is the greatest common divisor of 4 and f?
4
Let n be 2*((-6)/(-2))/6. Let m be 2/(n*(-6)/57). Let p = m - -43. What is the highest common divisor of p and 6?
6
Let m = 16 + -13. Calculate the greatest common divisor of m and 33.
3
Suppose -118 + 10 = -4*y. What is the highest common divisor of 216 and y?
27
Let d(s) = s**3 - 2*s**2 - 5*s + 3. Let a be d(4). What is the highest common divisor of a and 30?
15
Suppose -2*z - 5*g - 32 = -4*z, 38 = 5*z - 2*g. What is the highest common divisor of z and 6?
6
Let t be (-21)/((-3)/(-4)*2). Let j = t - -8. Let y(w) = w**2 - 6*w - 9. Let c be y(j). Calculate the highest common divisor of 7 and c.
7
Let u(r) = -r. Let w be u(0). Suppose -n + 87 + 12 = w. Calculate the greatest common divisor of n and 11.
11
Suppose -11 - 16 = -3*u. Calculate the greatest common factor of 63 and u.
9
Suppose -88 = -4*l + 136. Calculate the greatest common divisor of 14 and l.
14
Suppose 1810 = 12*j - 302. Suppose 3*x + 2 = 50. Calculate the highest common divisor of x and j.
16
Let v(n) = -4*n - 3. Let l be v(4). Let y = l - -52. What is the greatest common divisor of 22 and y?
11
Suppose 4*m - 5*m + y = -13, 0 = 5*m + 3*y - 25. Suppose m = 2*w - 30. Calculate the greatest common factor of w and 152.
19
Suppose -3*u = -5*x - 308, 10*u + 5*x - 460 = 5*u. Suppose -2*f = 5*j - 39, -f + j + 3 = -2*j. What is the highest common factor of f and u?
12
Suppose 0 = -4*w - 4 + 112. Calculate the greatest common divisor of w and 297.
27
Suppose -63 = 3*i - 459. What is the greatest common factor of i and 12?
12
Let n = 66 - 0. What is the greatest common factor of n and 33?
33
Let c be (-23 - -21) + -20*-2*2. What is the greatest common factor of 26 and c?
26
Suppose -3*v = -8*v + 3*p + 69, 3*p - 3 = -v. Calculate the greatest common divisor of v and 18.
6
Suppose 62 = 2*q - 4*v, 3*q - 3*v = -0*v + 93. What is the greatest common divisor of 341 and q?
31
Suppose -10 = 2*j - 3*j. What is the highest common factor of 2 and j?
2
Let h = 32 + 87. Calculate the greatest common factor of h and 17.
17
Suppose -161 = c - 8*c. Calculate the highest common factor of 115 and c.
23
Let u be (1*(-2)/(-2))/1. Let c be (-2 + -1)*(-1 - 0). Let i = 4 - c. Calculate the highest common factor of i and u.
1
Let c(l) = l**3 + 11*l**2 + 10*l - 5. Let t be c(-10). Let q = 6 + t. What is the highest common factor of 9 and q?
1
Let y = 192 + -128. What is the greatest common factor of 96 and y?
32
Suppose 2*i - 4*w = -14, 0*i + i + 4*w - 23 = 0. Calculate the highest common divisor of i and 15.
3
Let c = -17 + 23. Let b be (-553)/(-42) + (-1)/c. What is the greatest common factor of 65 and b?
13
Let w(s) = s**3 - 8*s**2 - 3*s + 23. Let f be w(9). Calculate the greatest common factor of f and 22.
11
Suppose 231 + 105 = 7*o. What is the highest common factor of o and 18?
6
Suppose -5*d - 12 = y + 5, -2*d = -5*y + 23. Suppose -y*g - 6 = 3*h, -2 - 3 = 4*g + 5*h. Let w = g + 41. What is the highest common divisor of w and 9?
9
Let n(p) = -3*p + 1. Let g be n(4). Let h = 26 + g. Calculate the highest common divisor of 3 and h.
3
Suppose 2 = 2*z, 4*y - 6*y + 4*z = -24. Suppose -n + 209 = 2*t + 2*n, t = -2*n + 102. Calculate the highest common factor of y and t.
14
Suppose 5*i + y - 4*y - 834 = 0, 2*y + 171 = i. What is the highest common factor of 33 and i?
33
Let j(v) = 3*v - 1. Let b be j(2). Let g = -2 + b. Suppose 12 = 4*f + g*h, 8*h - 3*h = -5*f + 10. What is the highest common factor of f and 9?
3
Let s(y) = 4*y + 5. Suppose q - 12 = -5*i, 30 = 3*q - 2*i + 11. Let c be s(q). Let j be c/4 + (-5)/20. Calculate the greatest common factor of j and 16.
8
Let i be (2 - -2)/((-12)/(-54)). Calculate the greatest common factor of i and 42.
6
Suppose 0 = -5*w + 5*i + 105, -5*w + 2*i + 12 + 84 = 0. What is the greatest common divisor of 54 and w?
18
Let r = 8 + -5. Suppose 0 = r*d - 0*d - 60. Let f = -35 - -45. Calculate the greatest common factor of f and d.
10
Let n = 256 + -116. What is the greatest common factor of n and 35?
35
Let n(m) = m + 2. Let c be n(-6). Let t be (-60)/(-9)*(-6)/c. Let i(l) = -l + 92. Let p be i(42). Calculate the highest common factor of p and t.
10
Let r be (1 - -6) + 3 + -1. Let t(w) = w**2 - 8*w - 1. Let h be t(r). What is the highest common divisor of h and 64?
8
Let c be 50 - 7/((-21)/(-12)). Suppose 5*b - c - 44 = 0. Calculate the highest common divisor of 18 and b.
18
Let y = -141 - -213. Calculate the highest common factor of y and 24.
24
Suppose 23 = -2*c + 263. What is the greatest common factor of 30 and c?
30
Let y(b) = -b**3 - 8*b**2 - 1. Let n be y(-8). Let o be (-3)/3 - n*4. What is the greatest common factor of 15 and o?
3
Suppose -f - 28 = -2*h + 5, 3*h - 3*f - 45 = 0. Calculate the highest common factor of h and 162.
18
Let m(h) = 2*h**2 - 10*h - 10. Let w be m(-12). Let g = -254 + w. Let z = -10 - -28. What is the highest common divisor of z and g?
18
Let g(b) = -7 + 2*b - 6 + 0*b. Let n be g(9). What is the greatest common divisor of n and 5?
5
Suppose -2*h + 36 + 2 = 2*c, -36 = -4*h + 4*c. Suppose -5*b = -31 - 4. Calculate the greatest common divisor of h and b.
7
Suppose n = -h + 173, -3*n + 2*h + 2*h = -540. What is the greatest common factor of 22 and n?
22
Let o = -2 + 6. Suppose -4*t + 2*u - 2 = 4*u, 0 = -4*u - o. Let x(c) = -c + 3. Let b be x(t). Calculate the greatest common factor of b and 15.
3
Let o be -5*-1*(0 - -1). Suppose -3*h - 42 = -4*b + 3*b, 5*h - 4*b = -77. Let x = h - -18. Calculate the greatest common divisor of o and x.
5
Let n = 7 + -3. Let l(a) = -8*a + 2. Let v be l(-4). Let r = v - 18. What is the greatest common factor of r and n?
4
Let i(q) = q**2 - 3*q + 3. Let z be i(2). Suppose s + z = 2*s. Calculate the highest common factor of s and 3.
1
Suppose -14 = -4*i + 26. Suppose 0 = 3*n - 32 + 2. Calculate the greatest common divisor of i and n.
10
Suppose 2*o = 4*o - 208. Let l be 14/(-7) - (0 - 67). Suppose 0*y + l = 5*y. Calculate the highest common divisor of y and o.
13
Let p be 3/(15/12 - 2). Let l be (357/6)/((-2)/p). Calculate the highest common factor of 17 and l.
17
Suppose 3*x + 2*u + 2*u = 54, 54 = 3*x - 5*u. What is the greatest common factor of 18 and x?
18
Let u be (-3 - 2) + (36 - 3). What is the highest common divisor of 98 and u?
14
Let v be ((-1)/3)/((-8)/1080). Let k = 9 + -4. What is the highest common factor of k and v?
5
Let g = 51 + 5. Calculate the highest common factor of g and 7.
7
Let u = 6 + -4. Let r be (12/(-9)